-46 = 4*t + 254. Let m = -4 + t. Let k = m + 150. List the prime factors of k.
71
Suppose 0 = 5*o + y - 13, 0 = -y - 4*y + 15. Suppose -5*s + 51 = -o*s. List the prime factors of s.
17
Let b(j) = 10*j - 24. Let w(n) = -3*n + 8. Let t(i) = 5*b(i) + 16*w(i). Let g = 16 + -9. What are the prime factors of t(g)?
2, 11
Suppose 3*t = -n + 12, t + 0*t - n = 0. Suppose 2*x - t*j + 4 = 24, j = 3*x - 44. Suppose x = g + 2*u, 5*g = -u - 0*u + 116. List the prime factors of g.
2, 3
Let g be 2*2 - 4926/(-6). Suppose -3*l = 2*l - g. Suppose 2*z - 5*z = -l. What are the prime factors of z?
5, 11
Let k = 92 + -90. Suppose 0 = -5*t - 25, -5*g + 3*t + k*t = -1515. What are the prime factors of g?
2, 149
Let u be 2/8 + (-1662)/24. Let r = 0 - u. List the prime factors of r.
3, 23
Let s(l) = 2*l. Let p be s(1). Let o be 2*(17/p - 3). List the prime factors of 1 + -2 + o*2.
3, 7
Suppose -5*a = 4*l - 216, -146 - 58 = -5*a - l. Let v = -20 + a. What are the prime factors of v?
2, 5
Let b(t) = 65*t**2 + 10*t - 40. List the prime factors of b(3).
5, 23
Suppose -95*p + 350 = -94*p. Suppose 2*x - 340 = -3*x + s, -5*x = s - p. What are the prime factors of x?
3, 23
Let g be (160/(-1 + -3))/(4/(-46)). List the prime factors of (1*g)/4 - 4/(-4).
2, 29
Let h(l) = -l**3 + 11*l**2 - 13*l - 3. Suppose -w + 6*w = 50. Let q be h(w). Let k = q - -51. What are the prime factors of k?
2, 3
What are the prime factors of 18682/12 - 20/(-120)?
3, 173
Let v(t) = -2*t - 14. Let z = 27 - 1. Suppose -4*h = 5*n + z, n = -3*h + 5*n - 35. What are the prime factors of v(h)?
2
Let d = -218 + 226. Let v(q) be the second derivative of 5*q**3/6 - 15*q**2/2 - q. What are the prime factors of v(d)?
5
List the prime factors of (608 + 5)*(8 - 7).
613
Let t(i) be the second derivative of -13*i**3/6 - 7*i**2 + 17*i. What are the prime factors of t(-6)?
2
What are the prime factors of (-6 + (-49)/21)*-9?
3, 5
Let i = 424 + -234. Suppose -8*d + i = -34. List the prime factors of d.
2, 7
Let r(u) = -12*u - 70. What are the prime factors of r(-8)?
2, 13
Let f = -13 + 17. Let g be (-4)/(-2)*6/f. Suppose 3*s - 4*s = -g. List the prime factors of s.
3
Let h be (-2 + 3)/1 - (11 + 2). List the prime factors of 1005/20 + 3/h.
2, 5
Let v = 74 - -303. Let c = v + -262. What are the prime factors of c?
5, 23
Let c be (3/(-9))/((-1)/9). Suppose c*f = 5*f - 20. What are the prime factors of f/(-45) - 1304/(-36)?
2, 3
Let z(d) = 30*d**2 - 15*d + 8. List the prime factors of z(9).
7, 47
Let k = 23 - -128. List the prime factors of k.
151
Let v(p) = p**3 + 9*p**2 + 6*p + 11. Let q be v(-9). Let k = q - -62. List the prime factors of k.
19
Let w = -132 - -413. List the prime factors of w.
281
Let z = -42 + 65. Let x = z - 23. Suppose -6*g = -g - 3*b - 149, -2*g + 5*b + 71 = x. List the prime factors of g.
2, 7
Suppose 3*d - 2*b - 3*b = 12393, -b - 20633 = -5*d. List the prime factors of d.
2, 2063
Let l = -143 - -774. What are the prime factors of l?
631
Let f(k) = -k**3 + 2*k**2 + 3*k + 3. Let s = -6 - -4. Let d be f(s). Let v = d - 0. What are the prime factors of v?
13
Suppose -49*u + 9*u = -30600. What are the prime factors of u?
3, 5, 17
Suppose 10 = -2*v + 3*v. Suppose 0 = 2*m + 3*m + v. What are the prime factors of (3 + m)/2*12?
2, 3
Suppose -970 = -2*l + 4*w, -208 - 2224 = -5*l + 3*w. What are the prime factors of l?
487
Let r = 5263 - 1995. List the prime factors of r.
2, 19, 43
Suppose 2*s + 472 = 5*i, s = i - 3*s - 80. Suppose 2*w + w = i. List the prime factors of w.
2
Let u(j) = -2*j - 5. Let v be u(-4). Suppose 12 = v*x - 0*x. Suppose -2*d + x*o + 16 + 8 = 0, -8 = 2*o. What are the prime factors of d?
2
Let i(q) = 8*q + 137. What are the prime factors of i(15)?
257
Suppose -n - 132 = 3*n. Let s = -18 - n. What are the prime factors of (182/(-65))/((-1)/s)?
2, 3, 7
Let z(v) = 46*v + 4. What are the prime factors of z(9)?
2, 11, 19
Let o = -6833 + 9832. Suppose -o = -4*j + 4449. List the prime factors of (2/(-7))/((-14)/j).
2, 19
Let f(s) = -s**2 + 20*s - 16. Let j be f(19). Suppose -4*a - 138 = -2*k, k = j*k + 5*a - 111. What are the prime factors of k?
3, 7
Let d = -11 - -26. Let o = 19 - d. Suppose 12*j - 408 = o*j. What are the prime factors of j?
3, 17
Let k = 20 - 12. Suppose -k = -5*f + 12. Suppose 108 = f*u - 4*n, -4*n = 3*u - 0*n - 46. List the prime factors of u.
2, 11
Let b = -8 + 87. Let r = b + -64. List the prime factors of r.
3, 5
Let s(y) = y - 7 - y**2 + 7*y - y. Let k be s(5). Let j(h) = h**3 + 4*h**2 - 6*h - 1. List the prime factors of j(k).
2, 11
Suppose -10*f + 6376 = -14034. List the prime factors of f.
13, 157
Suppose 0 - 90 = -5*y. Let u(j) = 2*j**2 - j - 5. Let w be u(-3). Suppose w = v - y. List the prime factors of v.
2, 17
Let k = 23 - 18. Suppose 82 = k*t - 163. What are the prime factors of t?
7
Suppose u = 4*i - 796, 5*i - 3*i + 4*u - 416 = 0. What are the prime factors of i?
2, 5
Let y = -92 - -157. Let i = y + -56. What are the prime factors of i?
3
Suppose 2*x - 345 = 3669. What are the prime factors of x?
3, 223
Let q = 33 + -33. Suppose -8*v + 130 + 118 = q. What are the prime factors of v?
31
Let a(l) = 2*l**3 + 2*l**2 - l. Let s be a(1). Suppose -s*k = -4*r - 366, 2*r + 9 = -r. List the prime factors of k.
2, 59
Let x = 58 + -70. Let a(g) = g**2 + 10*g + 30. What are the prime factors of a(x)?
2, 3
Let q(g) = g**2 + 8*g + 28. What are the prime factors of q(-3)?
13
Let z = 58 + 50. Let d = z - 47. List the prime factors of d.
61
Let m(p) be the third derivative of p**6/360 - 7*p**5/120 - 5*p**3/6 + 4*p**2. Let a(t) be the first derivative of m(t). List the prime factors of a(8).
2
Let s(n) = 10*n - 4. Let w be (9 - 29)/(-3 - -1). Let l = w + -8. What are the prime factors of s(l)?
2
Let a = 1160 - 111. List the prime factors of a.
1049
Suppose 2*g - y - 2361 = 0, 3398 = 4*g + 3*y - 1339. List the prime factors of g.
2, 3, 197
Let p be (2*1)/((-16)/2088). Let a = -141 - p. What are the prime factors of a?
2, 3, 5
Let u(x) = 13*x - 14*x**2 + 3*x - 33*x**3 + 17 + 34*x**3 - 2*x. What are the prime factors of u(13)?
2, 3, 5
Let s(x) = 281*x - 1. Let c be s(1). Let v = -165 + c. List the prime factors of v.
5, 23
Let u(c) = -c**3 - 18*c**2 - 6*c - 54. What are the prime factors of u(-18)?
2, 3
Suppose -4*c - 46 = -5*q, -2*q = c - 6*q + 17. Let i(s) = -s**2 + 10*s - 10. Let a be i(7). Let f = a + c. What are the prime factors of f?
2
Let i = -14 - -14. Suppose -c + 9*c + 48 = i. What are the prime factors of (-40)/c - (-1)/3?
7
Let i(q) = -9*q**2 + 3. Let h(o) = 4*o**2 - 1. Let b(d) = 7*h(d) + 3*i(d). What are the prime factors of b(-5)?
3
Let j = -475 - -846. What are the prime factors of j?
7, 53
Let h(v) = 80*v**2 + 17. What are the prime factors of h(-4)?
1297
Let o(r) = r**3 - 24*r**2 + 7*r + 9. Let l(k) = -3*k**3 + 71*k**2 - 22*k - 26. Let f(d) = 6*l(d) + 17*o(d). What are the prime factors of f(17)?
5, 13
Let u(p) = p - 12. Let r be u(10). Let d(s) = -10*s - 6. What are the prime factors of d(r)?
2, 7
Suppose 0 = -3*g - 4*a + 40, -3*a - 6 = -5*g + 22. Suppose 3*w - g = w. Suppose -69 = -w*i + i. List the prime factors of i.
23
Let a(o) = -o**3 - 11*o**2 - o - 6. Let x be a(-11). Suppose 3*h - 41 = -x*s, -5*s = -2*s + 5*h - 15. List the prime factors of s.
2, 5
Let f be ((-1)/5*0)/(4 + -2). Let k = -13 - -23. Suppose f*d = -d + k. List the prime factors of d.
2, 5
Suppose 0 = 2*p + 3*m - 3094, -p - m = -1090 - 456. What are the prime factors of p?
2, 193
Suppose 0 = 26*u - 23*u + 12. What are the prime factors of 8/(-12)*(0 + -192) - u?
2, 3, 11
Suppose 0 = -2*g + 6, 2*t + 2*g - 558 = -12. Suppose 0 = -5*j + 2*j + 5*l + t, -l - 282 = -3*j. What are the prime factors of j?
5, 19
Suppose -4*x - 579 = -3*c, -16*c = -14*c - x - 381. List the prime factors of c.
3, 7
Let d(u) = 5*u**2 + 5*u. Let w be d(-4). Suppose 0 = -r - 5*a - 0 - 20, r - 16 = 4*a. Suppose r = 14*t - 10*t - w. What are the prime factors of t?
3, 5
Let k(g) = -g + 9. Let m be k(4). Suppose -5*n - 140 = -m*x, 0*n = 3*n - x + 94. Let f = -17 - n. What are the prime factors of f?
2
Suppose 2*t = -30 + 378. What are the prime factors of 10/(-25) - (2 - t/10)?
3, 5
Let g(d) = -17*d**2 + 1. Let i be g(-1). Let x = 10 + i. What are the prime factors of x/10 - (-784)/40?
19
Let o = -19 + 17. What are the prim